?
3
What is the ten thousands digit of 5888612?
8
What is the thousands digit of 5061864?
1
What is the ten thousands digit of 675444?
7
What is the hundreds digit of 2263905?
9
What is the ten thousands digit of 15973335?
7
What is the thousands digit of 92236?
2
What is the thousands digit of 195469?
5
What is the hundreds digit of 306268?
2
What is the tens digit of 1065705?
0
What is the ten thousands digit of 1277921?
7
What is the tens digit of 1410899?
9
What is the hundreds digit of 64377?
3
What is the millions digit of 1478436?
1
What is the millions digit of 22097080?
2
What is the tens digit of 157610?
1
What is the units digit of 40708425?
5
What is the hundreds digit of 560534?
5
What is the hundreds digit of 4226?
2
What is the units digit of 3978230?
0
What is the hundreds digit of 13769271?
2
What is the millions digit of 1172015?
1
What is the ten thousands digit of 25271680?
7
What is the ten thousands digit of 217854?
1
What is the units digit of 783613?
3
What is the millions digit of 1606642?
1
What is the tens digit of 15025722?
2
What is the ten millions digit of 27483268?
2
What is the thousands digit of 226400?
6
What is the thousands digit of 857548?
7
What is the hundreds digit of 2249563?
5
What is the ten thousands digit of 308410?
0
What is the hundred thousands digit of 506065?
5
What is the units digit of 21142?
2
What is the thousands digit of 2203844?
3
What is the units digit of 23309759?
9
What is the ten thousands digit of 1219416?
1
What is the millions digit of 2372524?
2
What is the millions digit of 1587018?
1
What is the millions digit of 2149598?
2
What is the ten thousands digit of 179443?
7
What is the units digit of 4649893?
3
What is the units digit of 7936377?
7
What is the millions digit of 5804241?
5
What is the units digit of 613988?
8
What is the hundreds digit of 11478434?
4
What is the hundreds digit of 19524562?
5
What is the millions digit of 7901939?
7
What is the hundreds digit of 28542877?
8
What is the units digit of 8722924?
4
What is the hundreds digit of 4670695?
6
What is the ten thousands digit of 3937293?
3
What is the millions digit of 2571123?
2
What is the thousands digit of 233121?
3
What is the units digit of 1693213?
3
What is the tens digit of 378471?
7
What is the hundred thousands digit of 490671?
4
What is the tens digit of 627152?
5
What is the hundred thousands digit of 362685?
3
What is the hundred thousands digit of 32978890?
9
What is the units digit of 5046739?
9
What is the hundreds digit of 27132246?
2
What is the hundred thousands digit of 1353513?
3
What is the hundreds digit of 422234?
2
What is the millions digit of 1648924?
1
What is the ten thousands digit of 5857324?
5
What is the hundred thousands digit of 1803974?
8
What is the hundreds digit of 611586?
5
What is the units digit of 198221?
1
What is the hundred thousands digit of 4092704?
0
What is the ten thousands digit of 575794?
7
What is the hundreds digit of 1033107?
1
What is the tens digit of 667238?
3
What is the units digit of 8304034?
4
What is the hundred thousands digit of 9646211?
6
What is the tens digit of 468162?
6
What is the hundred thousands digit of 905768?
9
What is the ten millions digit of 12994017?
1
What is the millions digit of 19999991?
9
What is the ten thousands digit of 265943?
6
What is the units digit of 235685?
5
What is the hundred thousands digit of 1455746?
4
What is the ten thousands digit of 1759164?
5
What is the hundreds digit of 90494?
4
What is the tens digit of 12730358?
5
What is the ten thousands digit of 668460?
6
What is the ten thousands digit of 141696?
4
What is the hundreds digit of 19539543?
5
What is the ten thousands digit of 18385783?
8
What is the hundreds digit of 934669?
6
What is the thousands digit of 921715?
1
What is the tens digit of 1684530?
3
What is the ten thousands digit of 1826865?
2
What is the thousands digit of 1624050?
4
What is the hundreds digit of 107810?
8
What is the ten thousands digit of 1383095?
8
What is the units digit of 2732959?
9
What is the hundreds digit of 2146962?
9
What is the millions digit of 1210112?
1
What is the units digit of 309138?
8
What is the tens digit of 2635080?
8
What is the hundred thousands digit of 2964650?
9
What is the units digit of 1041542?
2
What is the millions digit of 18898788?
8
What is the tens digit of 2477404?
0
What is the tens digit of 29310?
1
What is the tens digit of 20521135?
3
What is the tens digit of 79529?
2
What is the millions digit of 2330032?
2
What is the thousands digit of 214518?
4
What is the hundreds digit of 1334654?
6
What is the units digit of 1172195?
5
What is the ten thousands digit of 836542?
3
What is the hundred thousands digit of 198032?
1
What is the hundreds digit of 4505161?
1
What is the thousands digit of 2563914?
3
What is the hundred thousands digit of 177382?
1
What is the units digit of 118107?
7
What is the tens digit of 523700?
0
What is the hundred thousands digit of 1714432?
7
What is the tens digit of 6334363?
6
What is the units digit of 10744?
4
What is the ten thousands digit of 21278?
2
What is the ten thousands digit of 698568?
9
What is the ten thousands digit of 1457286?
5
What is the hundred thousands digit of 828048?
8
What is the ten thousands digit of 260716?
6
What is the hundreds digit of 6753441?
4
What is the tens digit of 2653731?
3
What is the ten thousands digit of 95202?
9
What is the thousands digit of 2627013?
7
What is the thousands digit of 24291849?
1
What is the ten thousands digit of 202563?
0
What is the tens digit of 845535?
3
What is the ten thousands digit of 615873?
1
What is the units digit of 1153097?
7
What is the units digit of 597323?
3
What is the ten thousands digit of 920680?
2
What is the ten thousands digit of 714948?
1
What is the hundred thousands digit of 1209286?
2
What is the thousands digit of 63433?
3
What is the tens digit of 418084?
8
What is the hundred thousands digit of 1351120?
3
What is the tens digit of 180531?
3
What is the hundred thousands digit of 246023?
2
What is the tens digit of 51176?
7
What is the tens digit of 5167695?
9
What is the millions digit of 1354554?
1
What is the ten thousands digit of 11111079?
1
What is the hundreds digit of 611042?
0
What is the millions digit of 2474392?
2
What is the thousands digit of 66764?
6
What is the tens digit of 157505?
0
What is the hundred thousands digit of 175633?
1
What is the tens digit of 10583430?
3
What is the tens digit of 21257410?
1
What is the hundred thousands digit of 1440594?
4
What is the thousands digit of 23538665?
8
What is the units digit of 90437?
7
What is the hundreds digit of 788872?
8
What is the hundreds digit of 30310871?
8
What is the ten thousands digit of 261875?
6
What is the tens digit of 1503052?
5
What is the ten thousands digit of 187266?
8
What is the units digit of 7104103?
3
What is the tens digit of 1728000?
0
What is the ten millions digit of 28857392?
2
What is the units digit of 30174573?
3
What is the tens digit of 2395957?
5
What is the thousands digit of 369585?
9
What is the tens digit of 286032?
3
What is the hundred thousands digit of 3956030?
9
What is the hundred thousands digit of 195430?
1
What is the thousands digit of 42137814?
7
What is the hundred thousands digit of 744238?
7
What is the millions digit of 1409549?
1
What is the thousands digit of 4686162?
6
What is the hundreds digit of 821577?
5
What is the tens digit of 20784955?
5
What is the thousands digit of 2460349?
0
What is the tens digit of 223962?
6
What is the units digit of 2552894?
4
What is the hundred thousands digit of 1198773?
1
What is the thousands digit of 282102?
2
What is the hundreds digit of 254690?
6
What is the tens digit of 1178287?
8
What is the hundred thousands digit of 5732929?
7
What is the ten thousands digit of 14773815?
7
What is the hundred thousands digit of 409880?
4
What is the tens digit of 6723241?
4
What is the hundreds digit of 14864508?
5
What is the millions digit of 7165464?
7
What is the units digit of 29058?
8
What is the hundred thousands digit of 818549?
8
What is the tens digit of 323990?
9
What is the hundreds digit of 860543?
5
What is the units digit of 2301238?
8
What 